 16*n**2 + 2*n + 9. Let h(w) = w**3 + 5*w**2 - w - 4. Let m(s) = -11*h(s) - 4*u(s). List the prime factors of m(-4).
2, 19
Let j be 30*(-7 + 66/10). List the prime factors of j/(-9) + (-49229)/(-57).
5, 173
Suppose 0 = 26*m - 2754 - 2030. Let u = m - 85. What are the prime factors of u?
3, 11
Let c be -107*3*(-16)/48. Let y = 183 - c. Suppose 16 = 4*n, 0*n - y = -3*z + 5*n. List the prime factors of z.
2
Let i = 392 + -392. Let b(s) = s**2 + 73 + 2*s**3 - 4*s**3 + 2*s**3 - 2*s - s**3. List the prime factors of b(i).
73
Suppose 2*j = q - 3*q + 12, 0 = 2*j + 4*q - 14. Suppose -15 = u - j*f, -4*u + 2*f = 5*f - 32. What are the prime factors of -5*14/u*-16?
2, 7
Suppose -29 = 3*a - 11. Let j be a/(-8) - 114/(-8). Suppose -2049 + 639 = -j*y. List the prime factors of y.
2, 47
Let m(u) = 52*u**2 + 16*u + 249. What are the prime factors of m(-10)?
3, 41, 43
Let p be 22/99 - (-2)/(-9) - -33. Let b(v) = -v**2 + 10*v - 1. Let u be b(10). Let x = p + u. What are the prime factors of x?
2
Let m(b) = 14*b**2 + 4*b - 6. Let s be 50/(-12) - 125/150. List the prime factors of m(s).
2, 3
Suppose -27 = -2*t - 5*y, y = -4*t + 5*y - 16. What are the prime factors of 10827/54*t*2?
401
Suppose 50*c - 3120 = 38*c. Let n = c - 256. List the prime factors of n.
2
Suppose -63*f + 2073087 = 193*f - 1253121. List the prime factors of f.
3, 61, 71
Let r = 67 - 57. Suppose r - 33 = -2*i - 3*y, i - 2*y + 6 = 0. Suppose -3*j + 3*s = -63, -4*j - i*s + 2*s = -72. List the prime factors of j.
19
Suppose -g = -4*v + v + 99, v + 5*g - 33 = 0. Let z = -28 + v. Let k(l) = 5*l**2 - 13*l + 2. List the prime factors of k(z).
2, 31
Let b be 12*(15/5)/9. Suppose b*m + 635 = -77. Let r = m - -319. List the prime factors of r.
3, 47
Let d be -3*((-77)/21 - -2). Suppose 0*h - d*h + 180 = -k, 4*h - 3*k - 133 = 0. List the prime factors of h.
37
Suppose -3*l = 3*o - 6, 5*o = -7*l + 11*l - 17. Suppose 4*b - 1336 = -z, -3*z + l*b + 2729 = -1294. What are the prime factors of z?
2, 5, 67
Let i = 59 - 57. Let q(x) = 100*x**2 - 3*x - 2. What are the prime factors of q(i)?
2, 7
Suppose -3*t + 45211 + 17561 = -3*k, -8*t = 3*k - 167469. What are the prime factors of t?
3, 6977
Let b(o) = -7*o**2 - 13*o + 30. Let q be b(-7). List the prime factors of (-4)/((-12)/(-36) + 77/q).
2, 37
Let m = -3092 + 5177. What are the prime factors of m?
3, 5, 139
Suppose -u - 817 = -3291. What are the prime factors of u?
2, 1237
Suppose -4*a = -3*o + 47, 3*o - 3*a - 48 = -0*o. Let j be 4/(o + -5)*771. Let n = j - 130. What are the prime factors of n?
127
Let h(z) = z**3 + 23*z**2 - 7*z - 98. Let a = 936 + -954. List the prime factors of h(a).
2, 103
Let f(r) = -5*r + 44. Let i be (-4)/8 + 45/10. List the prime factors of f(i).
2, 3
Suppose -2*g - 85 - 141 = 0. Let o = g - -208. Suppose 0 = -6*a + 199 + o. List the prime factors of a.
7
Let h = 2801 - 397. Suppose h = 5*g + 6*p - 7*p, -5*p = -5. List the prime factors of g.
13, 37
Suppose 0*d + 2*d - 24 = 4*h, -2*h + 3*d - 12 = 0. Let m be h/2 + -3 + 6. Suppose -5*r + 21 + 704 = m. List the prime factors of r.
5, 29
Let c(n) be the first derivative of -2*n**2 + 11*n + 9. Let v be c(3). List the prime factors of (0 + v)/(6 + 638/(-106)).
53
Suppose 9442 = -c - 4*v + 54771, 3*c + v = 136053. What are the prime factors of c?
7, 11, 19, 31
Let p be (60/24)/((-1)/2). What are the prime factors of 502 - ((-20)/p + -4) - -2?
2, 3, 7
Suppose 7*w - 9*w + 53231 = 5*f, -2*f = -3*w + 79913. What are the prime factors of w?
26633
Suppose -2*g = 12, 0 = -4*r + g + 14612 + 35238. List the prime factors of r.
17, 733
Let g(k) = k**3 - 8*k**2 + 3*k - 1. Let n be g(8). Let u(r) = -95*r**3 - n*r**3 + 34*r**3 - r**2. What are the prime factors of u(-1)?
83
Let x(a) be the second derivative of -71*a**3/6 - 3*a**2 - 41*a. List the prime factors of x(-3).
3, 23
Let f be 98/(-441) - (-2)/(-18)*-38. Suppose -f*p = -645 + 37. List the prime factors of p.
2, 19
Suppose 0*c = -5*c, 3*f + 5*c - 21 = 0. Suppose -2*q = 4*u - 3*q - 2750, -q + 2059 = 3*u. Suppose -f*v + u = -384. What are the prime factors of v?
3, 17
Let j be 132/11*(-2 - (-514)/4). Let i = 3 + j. What are the prime factors of i?
3, 13
Let x(v) = 6*v - 62. Let c be (-27)/9 - (5 - 28). What are the prime factors of x(c)?
2, 29
Let i(y) = y**3 + 14*y**2 - 20*y + 23. Let f(l) = -l**2 - 25*l - 81. Let m be f(-22). What are the prime factors of i(m)?
2, 7
Suppose k + 4*k - l = 2420, 5*k + l - 2410 = 0. Let v = k + 382. List the prime factors of v.
5, 173
What are the prime factors of (-1)/((-105)/6) + (-2915536)/(-1820)?
2, 3, 89
Let j = 110 + -98. List the prime factors of (-9)/j*(-2528)/4.
2, 3, 79
Let u = 66 + -64. Let s(k) = 11*k**3 - k**2 - k. List the prime factors of s(u).
2, 41
Suppose -3*u = -475 - 125. Suppose -2*b + 5*p = -5*b + u, -4*p = b - 55. Suppose 33 = 4*n - b. List the prime factors of n.
3
Let g(f) = 26*f**2 - 52*f + 555. What are the prime factors of g(34)?
28843
Let b = -5 + 7. Let y = -5 + b. Let h(w) = 21*w**2 + 3*w - 1. What are the prime factors of h(y)?
179
Let k(g) = -2*g**3 - 36*g**2 - 2*g - 19. Let m = 943 - 963. What are the prime factors of k(m)?
1621
Suppose 4*a = 16, 0 = -c - 3*c - a. Let z be c/(1/12) - 3. Let v(o) = o**3 + 16*o**2 + 16*o + 17. List the prime factors of v(z).
2
Let g(t) = 294*t**2 + 5*t - 42. What are the prime factors of g(-7)?
7, 23, 89
Let r(a) = 2*a**2 + 19*a. Let h = -95 - -39. Let m = h + 43. List the prime factors of r(m).
7, 13
Suppose -16*c + 19*c - 2*h - 23099 = 0, 5*c - 4*h = 38497. List the prime factors of c.
3, 17, 151
Suppose 3*x - 19 - 8 = 0. What are the prime factors of (168 + -22)/(2 + (-16)/x)?
3, 73
List the prime factors of (141/21 + -5)/((-16)/(-56)) - -14913.
3, 4973
Suppose 0 = 4*l + 2*l + 7*l. Suppose l = 2*r - 5*p - 172, -3*p - 447 = -5*r + p. What are the prime factors of 4*(2 - 1)*r/14?
2, 13
Suppose -2*d - 12 = d. Let t(y) = y + 16. Let g(p) = 2*p + 15. Let l(c) = -6*g(c) + 5*t(c). What are the prime factors of l(d)?
2, 3
Let p(c) = c**2 - 11*c + 2. Let o be p(5). Let z = -21 - o. List the prime factors of (z + -76)/(2/(-2)).
3, 23
Let b = -1975 + 2551. List the prime factors of b.
2, 3
Let o(j) = -j**3 + 87*j**2 + 52*j + 3275. What are the prime factors of o(83)?
7, 5021
Suppose v + 13*v = 9016. Let r = -127 + v. What are the prime factors of r?
11, 47
Let g(l) = 4*l**2 + 29*l - 1. Let s(m) = 5*m**2 + 29*m. Let w(x) = -4*g(x) + 3*s(x). Let y be -1 + 3 + (-69)/3. What are the prime factors of w(y)?
2, 43
Let t(l) = -l**2 + l + 1. Let z(g) = -11*g**2 + g - 17. Let y(s) = -4*t(s) - z(s). What are the prime factors of y(-7)?
3, 29
Let s(i) = 362*i**3 + 5*i**2 - 8*i + 3. What are the prime factors of s(1)?
2, 181
Let x be (-5)/(-3)*(-52)/(-65)*3. List the prime factors of (-2)/x - (-1618)/4.
2, 101
Let v(k) = 204*k + 16. Let t be v(2). Let w = -389 + t. List the prime factors of w.
5, 7
Suppose 15*j = 22*j - 7. What are the prime factors of j/(4/308) + -7?
2, 5, 7
Let v = 35700 + -22360. List the prime factors of v.
2, 5, 23, 29
Let g be (-9 + 4)*(-5 + -2). Suppose 4*k = 5*d - g, 54 = d + 3*d + 2*k. Suppose q = 5*r - 82, 0 = r + 2*q - 4*q - d. What are the prime factors of r?
17
Suppose -4*n - 5*q + 46445 = 0, -n = -4*n - 5*q + 34830. What are the prime factors of n?
5, 23, 101
Suppose -5*r + 3*n + 907 = 0, 4*r + 5*n = 3*n + 730. Suppose -3*b + 4*z - r = -4*b, -z - 162 = -b. What are the prime factors of b?
2, 83
Let n(y) = y**3 + 8*y**2 - 4. Let t be n(-8). Let l be 14/35 - t/(-10). Suppose -4*p - 3*s + 50 = l, -p - 5*s + 8 = 4. What are the prime factors of p?
2, 7
Let w(z) = 2*z**2 - 26*z + 191. What are the prime factors of w(15)?
251
Let t(g) = -g**2 - 2*g + 3. Let h be t(-3). Suppose h + 44 = 5*l + 2*j, 2*l = j + 14. Let s(k) = 5*k - 25. List the prime factors of s(l).
3, 5
Let w(r) = 6*r**2 + 32*r + 16. Let g be w(-18). Suppose 4*t - 132 = g. What are the prime factors of t?
379
Let i(w) = -w**3 + 5*w**2 + 9*w + 9. Let v be i(-2). Suppose -v*x = -25*x + 1404. List the prime factors of x.
2, 3, 13
Suppose 0 = -2*j + 5*f + 94217, 0 = -34*j + 35*j + f - 47077. List the prime factors of j.
2, 13, 1811
Let q(n) = -4*n + 5. Let d be q(2). List the prime factors of 82*(4 + d - -1).
2, 41
What are the prime factors of 411/(-274) - (6029732/(-88) - (-4)/22)?